emainder when 6 is divided by g.
2
Suppose 5*o = -4*h + 331, -o + 3*h + 114 = o. What is the remainder when o is divided by 11?
8
Let l(k) = k**2 + 8. Calculate the remainder when l(0) is divided by (-105)/(-20) - 5/20.
3
Let n be (0 - -5)*3/5. Suppose -l = n*j - 47, j - 3*l - 9 = 10. Suppose 0 = -0*d + 2*d - j. What is the remainder when 14 is divided by d?
6
Suppose 0*r - 3*r = -63. Let g = r - 11. Let i(n) = n**3 + 18. Calculate the remainder when i(0) is divided by g.
8
Let x be (33/4)/(3/8). What is the remainder when 260/x + (-2)/(-11) is divided by 5?
2
Let g(c) = -2*c + 18. Calculate the remainder when 1/2*-2 - -4 is divided by g(8).
1
Suppose 22 = 4*b + 3*t, 3*t - 2*t - 22 = -5*b. Let z = 29 - b. Calculate the remainder when z is divided by 9.
7
Suppose -3*f + 31 = -5*g - 31, f = -3*g + 44. Calculate the remainder when f is divided by (-10)/(-15) - 56/(-6).
9
Suppose -4*p + 187 + 401 = 0. Suppose -p = -h - 2*h. What is the remainder when h is divided by 17?
15
Let o = -31 + 55. What is the remainder when 118 is divided by o?
22
Let v = 82 - -5. Calculate the remainder when v is divided by 22.
21
Let v = 53 - -18. What is the remainder when v is divided by 18?
17
Suppose -85 - 41 = 2*w. Calculate the remainder when 7/(-14) + w/(-2) is divided by 17.
14
Let y(c) = c**2 - 3*c - 5. What is the remainder when 23 is divided by y(6)?
10
Suppose w - 2*w + 3 = 0, -3*w = -4*h - 1. Suppose -n + r - 2*r = -3, -2*n = 3*r - 5. What is the remainder when n is divided by h?
0
Suppose q - 4 = 19. Let s = 254 - 165. Calculate the remainder when s is divided by q.
20
Let n(b) = -b**3 - 2. Let z = 22 + -18. What is the remainder when n(-2) is divided by z?
2
Let p be 66/(-4) + (-4)/(-8). Let h be (p/(-6))/(6/(-27)). Calculate the remainder when (h/(-9))/(2/6) is divided by 2.
0
Suppose 0 = 4*s + i - 62, 5*s + i + 3*i - 72 = 0. What is the remainder when 63 is divided by s?
15
Let a(o) = 4*o - 19. Calculate the remainder when a(14) is divided by 19.
18
Let m = 179 + -86. Let a = -60 + m. Calculate the remainder when a is divided by 12.
9
Let w = 4 - -7. Suppose -2*u = -f - 14, 3*f + f = 3*u - 26. Calculate the remainder when 94/3 - u/18 is divided by w.
9
Let y(h) = -h - 2. Calculate the remainder when 11 is divided by y(-6).
3
Let n = 30 + -18. Suppose -5*b + 185 = -3*d, -4*b - 2*d + 0*d + 126 = 0. Calculate the remainder when b is divided by n.
10
Let s(u) = u**3 + 6*u**2 + 3*u + 7. Calculate the remainder when s(-5) is divided by 6 + (0 + 0)*1.
5
Let d be 2/6 - 114/(-9). Let m(v) = -v**3 + 14*v**2 - 12*v - 8. What is the remainder when 19 is divided by m(d)?
4
Let h(q) = -q - 3. Let p be h(-3). Calculate the remainder when 3 + 70 - (3 + p) is divided by 24.
22
Let c(h) = 3*h - 3. Let u(l) be the first derivative of 6*l**2 - 3*l - 4. What is the remainder when u(3) is divided by c(5)?
9
Calculate the remainder when 113 is divided by (36/90)/(2/190).
37
Suppose i = -x + 8 + 11, x = i - 15. Let w = 20 - -12. What is the remainder when w is divided by i?
15
Let b(m) = 2*m - m**2 + m - 2*m + 33. What is the remainder when b(0) is divided by 18?
15
Let r(f) = 2*f**2 + 4*f + 5. What is the remainder when r(3) is divided by 12?
11
Let h(v) = -6*v + 2. Let o be h(2). Let j = 4 - o. Let p = 90 + -64. What is the remainder when p is divided by j?
12
Let d(q) = -q**3 - 3*q**2 - 2*q - 5. Suppose 3*u = -5*o - 17 - 3, 0 = -o + 2*u - 4. What is the remainder when 55 is divided by d(o)?
17
Let b(w) = -w + 6. Let h be b(4). What is the remainder when (-1)/2 + 59/h is divided by 16?
13
Suppose -3*t - 12 = 2*j, 4*j - 16 = -3*t + 7*t. Let q = t + 18. What is the remainder when 1/(-4) + (-322)/(-8) is divided by q?
12
Let i(a) be the first derivative of -a**2 + 2*a - 1. Let y(z) = -z**2 - 6*z - 2. Let f be y(-6). Calculate the remainder when 16 is divided by i(f).
4
Let y be 6*((-13)/(-3) - 3). Suppose 2*c = 3*g - 37, -5*g + y*c = 5*c - 62. Calculate the remainder when 51 is divided by g.
12
Let f(x) = -x**2 - 3 + 2*x**3 - 2*x**2 + 0*x**2. Let y(u) = 3*u**3 - 6*u**2 - 6. Let c(v) = 5*f(v) - 3*y(v). What is the remainder when 5 is divided by c(-3)?
2
Let k = -28 + 67. What is the remainder when k is divided by 10?
9
Let v be 66 + 3 + -6 + 1. Let d = v + -45. Calculate the remainder when d is divided by 11.
8
Let v(t) = t**3 + 4*t**2 + 3*t + 2. Let j be v(-3). Suppose -6 - 40 = -j*n. What is the remainder when n is divided by 8?
7
Let q(d) = d**2 + 3*d - 5. Let f be q(-4). Let s be f/(-4) + (-120)/(-32). Suppose -75 = -s*g - g. Calculate the remainder when 29 is divided by g.
14
Suppose 3*v = -6, -5*v + 42 = -4*a + 220. What is the remainder when a is divided by 15?
12
Let t(i) = 14*i**3 + 1. Calculate the remainder when 29 is divided by t(1).
14
Let v(w) = -145*w**3 - w**2 - w - 1. Let s be v(-2). What is the remainder when (-1)/(-6) - s/(-78) is divided by 4?
3
Suppose v + 3*v - 17 = 5*a, 4*v - 10 = -2*a. Suppose 0 = -0*o + v*o - 90. Calculate the remainder when o is divided by 11.
8
Let y(f) = -2*f + 3. Let p be y(-1). Let w(b) = 2*b**2 - 6*b - 4. What is the remainder when 62 is divided by w(p)?
14
Let c(h) = 48*h**2 - 2*h - 1. Suppose -3*o - 3 = -0. Let v(n) = 6*n - 1. What is the remainder when c(o) is divided by v(3)?
15
Suppose 0 = -15*r + 19*r - 112. Calculate the remainder when 81 is divided by r.
25
Suppose -32 = -3*i + 1. Let g(k) = -11*k - 1. Calculate the remainder when g(-2) is divided by i.
10
Let x = -51 - -78. Suppose 3*k = -5*l + 24, -5*l - 5*k + 3 + x = 0. What is the remainder when l is divided by 3?
0
Suppose -y + 18 = 5*k, -3*k - 186 = -5*y - 4*k. What is the remainder when y is divided by 5?
3
Suppose 3*m + 2 - 14 = 0. Let x = m - -29. Suppose 0*a + x = 3*a. What is the remainder when 20 is divided by a?
9
What is the remainder when 6 is divided by 12/(-9)*(4 + -7)?
2
Calculate the remainder when 103 is divided by ((6 + -14)/(-1))/((-2)/(-13)).
51
Let y(q) = 0 - 3*q - 1 + 2*q + 0*q. Calculate the remainder when 10 is divided by y(-4).
1
Calculate the remainder when 56 is divided by (-7 - -2)/((-7)/21).
11
Calculate the remainder when 147 + -1*6/2 is divided by 7.
4
Suppose n - i - 14 = 0, 0 = n + 4*n - 2*i - 61. Suppose -76 - 139 = -5*b. Calculate the remainder when b is divided by n.
10
Let v = -10 - -5. Let t = v + 12. Suppose -1 = 5*w - 16, -2*w = 3*m - 42. What is the remainder when m is divided by t?
5
Let u = 17 + 17. Suppose 50 + u = 4*r. Calculate the remainder when r is divided by 6.
3
Let p(z) = 7*z - 3. Suppose 2*x = x - 4*n + 9, 0 = -5*n. Calculate the remainder when p(4) is divided by x.
7
Let v(x) = -x**3 + 4*x**2 + x - 2. Let b = -39 + 25. Let c be 6/21 - 38/b. Calculate the remainder when 18 is divided by v(c).
8
Let j(o) = -o**2 + 5*o + 7. Suppose s + 54 = 2*n, -2*s - 3*s = 2*n - 42. Calculate the remainder when n is divided by j(5).
5
Let a(i) = i + 11. Let g be a(-7). Suppose -3*h = 5*o - 18, -o - o = g*h - 38. Calculate the remainder when 20 is divided by h.
9
Let z = -20 + 40. Let l = z - 13. Let o = -5 + 9. What is the remainder when l is divided by o?
3
Let h = 5 - 1. Suppose h*w - 7 = 4*u + 25, -3*w + 64 = 5*u. What is the remainder when 25 is divided by w?
12
Let w be 0 + -5 + 0 + -1. Let t be (-2)/w - 11/(-3). Let d = t - -12. Calculate the remainder when d is divided by 9.
7
Suppose -a + 35 = -66. Let g = -76 + 15. Let v = a + g. Calculate the remainder when v is divided by 14.
12
Let v(x) = 3*x - 3. Let m be v(2). Suppose 6*b - b = -m*j + 173, 4*b - 156 = 2*j. Calculate the remainder when b is divided by 10.
7
Suppose 0 = 2*c - 106 - 20. What is the remainder when c is divided by 33?
30
Let o = 28 + -2. Suppose 2*n = 2*b - 12, -3*b - 5*n = -0*n - o. Suppose 0*h = 3*t + 3*h - 12, -5*t + 14 = -h. What is the remainder when b is divided by t?
1
Suppose -2*s + 4*l = -27 - 205, -s + 137 = 5*l. Calculate the remainder when s is divided by 42.
38
Let o(y) = 8*y**2 - 3*y. Calculate the remainder when o(2) is divided by 10.
6
Let p(t) = -t**2 + 12*t - 4. Let s(g) = -2*g - 3. Calculate the remainder when p(5) is divided by s(-7).
9
Let s = 63 + -132. Let d = -47 - s. What is the remainder when (-2 - 5/(-2))*d is divided by 6?
5
Let v = 8 + -3. Suppose 2*b - 4*b + 72 = v*l, -2*l + 2*b = -26. Suppose -6*z + 5*z + 40 = 0. What is th